e first derivative of 19*l**3/3 - 2653. Give p(h).
19
Suppose 0 = 12*q - 113 - 79. Let d(r) = -r**3 + 15*r**2 + 19*r - 38. Give d(q).
10
Let g(f) = -f**2 - 10*f - 27. Let d = 41 + -36. Suppose 6 = 2*i, -7*i + 8*i = -d*n - 22. Give g(n).
-2
Let i(u) = u**3 - 6*u**2 - 10*u + 24. Let q be i(7). Let s(c) = -c**3 - 4 + 10*c - 8*c**3 + 8*c**q + 8*c**2. Give s(9).
5
Let x(j) be the first derivative of -j**3/3 + 3*j**2 + 1. Let i = -194 + 194. Let g be ((-10)/(-10))/(i + -1) + 7. Determine x(g).
0
Let g(v) = -v**2 - 18*v - 20. Let i(t) = 92*t + 75. Let r be i(-1). What is g(r)?
-3
Let v(y) = -4*y**2 - 3*y. Let u(f) = 106*f + 42. Let g be u(3). Let o = g + -362. What is v(o)?
-10
Let m(s) = -2574*s + 5153*s - 21 + 59 - 2575*s. Give m(-9).
2
Let z(s) be the third derivative of -s**6/120 - s**5/60 + 5*s**4/24 - 5*s**3/3 - 62*s**2. Let p(n) = n**2 - n - 2. Let g(w) = -5*p(w) + z(w). Calculate g(-7).
-21
Let f(c) = c - 17. Let l be 8 - 2 - (-5 - -9). Suppose 4 = t - l*x, 2*t + 4*x + 0*x = 40. Give f(t).
-5
Let q(g) = -42*g + 2. Let l = 11460 + -11461. Calculate q(l).
44
Let k(j) be the second derivative of -j**4/12 - 11*j**3/6 - 13*j**2 + 93*j - 3. Determine k(-6).
4
Let y(d) = -109*d**3 + 53*d**2 - 35*d - 48. Let u(s) = -19*s**3 + 9*s**2 - 6*s - 8. Let r(z) = -23*u(z) + 4*y(z). What is r(0)?
-8
Let f(v) = 1900*v**2 - 705 + v**3 + 690 - 1869*v**2 + 58*v. Calculate f(-29).
-15
Let z = 98 - 27. Let y(u) = 7 + 0*u**2 + 62*u - u**2 - 1 - z*u. Determine y(-6).
24
Let h = 2799 - 2795. Let y(p) be the third derivative of -17/24*p**h + p**2 + 0*p + 0 - 1/6*p**3. Calculate y(1).
-18
Let z(s) = -14 + 4*s**2 - 27*s - 2*s**2 + 25 + 24*s. Determine z(2).
13
Let q(r) = -7*r - 9. Let k(y) = -11*y - 14. Let z(i) = i**2 + 5*i + 14. Let m be z(-2). Let v(x) = m*q(x) - 5*k(x). Calculate v(3).
-5
Let x(q) = 7*q + 7. Let h(n) = -3*n - 3. Let i(j) = -9*h(j) - 4*x(j). Suppose 250*u = 255*u + 785. Let o = u + 150. Give i(o).
6
Let h(a) = -5*a + 1. Let v(q) = 9*q - 3*q**2 - 6*q - 14 + 17*q. Let d be v(6). Determine h(d).
11
Let h(n) = 4*n**2 - 2. Let x = -130 + 132. Let s be (-11 + 15)/(x - 0). Suppose 2*r = -2*a - 6, -r + 6 + 6 = -s*a. Determine h(r).
14
Let g(m) be the first derivative of -m**4/4 + m**3 + m**2/2 - 8*m + 1994. Give g(0).
-8
Let s be 2/((-24)/18*-6)*8. Let d be s/4*(37 + -41). Let o(x) = -7*x + 1. Give o(d).
15
Let l(t) = -23*t**3 + t + 1. Suppose 5 = -13*r + 44. Suppose u + r = g, 0 = -4*g - 6*u + 2*u - 20. Give l(g).
23
Suppose 11*c - 2 = -2. Suppose 0 = -o + 2, 0 = -c*g - 3*g + 2*o + 2. Let m(u) = 12*u - 9*u - 8*u + u**3 - u**g + 2 - u**2. What is m(3)?
-4
Let n be 12*(99/(-6))/(-11). Let o(r) = n*r**3 + r + 2 + 0*r**2 + 9 - r**2 - 10. Calculate o(-1).
-19
Let f(q) be the first derivative of -q**4/4 - q**3 - q + 7. Let u = -1011 + 1008. What is f(u)?
-1
Suppose -54 = -8*l - l. Let r(x) = -15 + l + 6 + x**2 - 10*x. Calculate r(8).
-19
Let o(q) = -3*q**2 - 9*q - 1. Let n(g) = -10*g**2 - 32*g + 8. Let u(c) = n(c) - 4*o(c). What is u(-5)?
42
Let f(h) = -2*h**2 - 29*h + 55. Let p(z) = -z**2 - 14*z + 24. Let x(d) = -4*f(d) + 9*p(d). Calculate x(-10).
-4
Let p be (-43)/(-215)*(47 + -2). Let d(t) = 2*t**3 - 17*t**2 - 10*t + 4. Determine d(p).
-5
Let g(v) = v + 60. Let q(j) = 3. Let y(x) = g(x) - 2*q(x). What is y(-13)?
41
Let t(f) = -f**3 + 115*f**2 + 180*f**2 - 301*f**2 + 8*f. Calculate t(-5).
-65
Let p(c) be the third derivative of -c**5/60 - 7*c**4/24 - c**3/6 - 140*c**2 - 7*c. Give p(-5).
9
Let l be (42/4)/((135/30)/3). Let i(k) = 2*k - 10. Give i(l).
4
Let n(t) = -8*t - 34695 - 58*t**2 + 55*t**2 + 34702 + t**3. Let u = 3 + 2. What is n(u)?
17
Let g(c) = -c**3 + c**2. Let l(b) = -74*b - 1182. Let m be l(-16). Give g(m).
-4
Let a(j) = 3*j**2 + 1. Let h(t) = t**3 + 6*t**2 + 8*t + 12. Let u be h(-5). Let b(c) = -8*c**2 - c - 23. Let g(w) = u*a(w) - b(w). Determine g(6).
-10
Let p be (0/(-1))/((-34)/((-612)/(-54))). Let w be 25/9 + (-4)/(-18). Let q(r) = r**w - 12 - 2*r**3 - 4 + r. What is q(p)?
-16
Let a = -38 + 22. Let g = 11 + a. Let b(u) = -5*u - 5 - 9*u + 3*u + 10*u. What is b(g)?
0
Let v(y) = -3*y - 3*y**2 + 12 + 1 + 3*y + y + 2*y**2. Give v(5).
-7
Let a(g) be the first derivative of g**3/3 - 7*g**2/2 - 4*g - 2. Let d = -355 + 349. Let v be (3 - (-15)/d)/((-4)/(-48)). Give a(v).
-10
Let b(j) = -j**3 - 8*j**2 + 5*j - 2. Let n = -3664 + 3656. What is b(n)?
-42
Let j(b) be the second derivative of -b**3/6 - b. Suppose -135 = -13*y - 5. Let z(x) = -9*x + 98. Let i be z(y). Determine j(i).
-8
Let z(p) = 14*p + 14. Let o(l) = 40*l + 41. Let m(h) = 6*o(h) - 17*z(h). Let u(n) = -4 + 15 - 4 - 6. Let w(b) = -m(b) + 3*u(b). Determine w(4).
-13
Let p(f) = -f**3 + 10*f**2 - 9*f + 13. Let y(z) = 14*z - 275. Let q be y(20). Suppose 3*n = -2*n + q*j + 20, -3*n + 4*j + 7 = 0. What is p(n)?
13
Let q(r) = -r**3 - 7*r**2 - 9*r. Let b = -2798 + 2793. What is q(b)?
-5
Let v(t) be the third derivative of t**6/720 - t**5/40 - t**4/4 - 2*t**3/3 + 21*t**2. Let f(h) be the second derivative of v(h). Determine f(3).
0
Let g(w) = 7*w**2 + 53*w - 113. Let t(d) = -19*d**2 - 132*d + 340. Let l(x) = -8*g(x) - 3*t(x). Determine l(32).
12
Let d(t) = 42*t + 10. Let g(z) = 16*z - 30 + 3*z - 11*z + 29. Let o(n) = -d(n) + 5*g(n). Let k be 4*((-1)/2 - 2). Give o(k).
5
Suppose -27*x + 56 = 2. Let u(j) = j + 20*j**2 - 19*j**x + 16 - 12*j. What is u(9)?
-2
Let n(k) = 7*k - 19. Let r(v) = -20*v + 55. Suppose -41 + 16 = -5*b, 0 = -2*f - 3*b + 3. Let o(w) = f*r(w) - 17*n(w). What is o(4)?
-3
Let p = 2413 - 2398. Let d = -4 - -7. Suppose d*i + 9 = p. Let n(o) = -o**3 + o**2 - o + 2. Determine n(i).
-4
Let j be (-5 + 2 - (15 + -7 - 7)) + 15. Let y(p) = -7*p + 65. Calculate y(j).
-12
Let l be 3*5/(20/8). Let u(b) = -8 - l + 1 + 11 + 4*b - b**2. What is u(5)?
-7
Let t(m) = -m**3 - 5*m**2 + 4*m - 5. Suppose 38*g + 307 + 377 = 0. Suppose -40 = 2*c + 4*z, -32 = c + 2*z - 6*z. Let d = c - g. Calculate t(d).
7
Let q(o) = 27*o**3 - 16*o**2 - 20*o - 50. Let z(i) = -5*i**3 + 3*i**2 + 4*i + 10. Let k(u) = -2*q(u) - 11*z(u). Calculate k(5).
70
Let d(g) = -g + 20. Let k be ((319/(-4))/1)/((-12)/48). Let t = -310 + k. What is d(t)?
11
Let w(c) be the first derivative of 4*c**3/3 + 5*c**2/2 - 9*c - 268. Determine w(3).
42
Suppose 4*k + 2*u - 10 = 26, 0 = 3*k - u - 2. Let j(n) = 10*n. Let r(a) = 21*a + 1. Let f(h) = -7*j(h) + 3*r(h). Give f(k).
-25
Let g(h) = -16*h + 97. Let c = -2610 - -2618. What is g(c)?
-31
Let w(p) = 5*p + 1. Let y(j) = 3*j + 1. Let z(q) = -2*w(q) + 5*y(q). Calculate z(2).
13
Let u(x) be the second derivative of x**5/20 + 7*x**4/12 + 2*x**3/3 - 9*x**2 - 2*x - 2934. What is u(-5)?
12
Let r(v) = 2*v**2 - 12*v + 11. Let i be r(5). Let g(q) = 22*q**2 + 7*q - 8. What is g(i)?
21
Suppose 3*z - 2*x - 3*x - 35 = 0, 3*x = z - 17. Suppose 29 = -3*f + k, 6*k = k - z. Let y(g) = -g**3 - 9*g**2 + 9*g - 6. Calculate y(f).
4
Let x(a) = a**3 + 4*a**2 - 6*a + 2. Suppose 4*n - 36 = 4*z, 21*n - 23*n = 2*z + 10. Give x(n).
14
Let w(o) = 479*o**2 + 92 - 234*o**2 - 244*o**2 + 19 + 42*o. Give w(-39).
-6
Suppose 0 = 5*l - 20, -8*l - 1121 = -3*f - 7*l. Let a = f - 372. Let r(n) = n**3 - 3*n**2 + n - 2. Calculate r(a).
1
Suppose -4*f + 44 = 4*x, 2*f - 4*x = -2*f + 20. Let j = 10 - 7. Let p(w) = -7 + 8*w**2 + 3*w**3 - 4*w**j - 2. Calculate p(f).
-9
Suppose 3*r = -0*r. Let q(a) be the second derivative of a**5/20 + a**4/12 + a**3/6 + 3*a**2/2 - 420*a. Calculate q(r).
3
Let s(b) = -2*b - 2. Suppose -30 - 752 = -23*h. Suppose -h = x - 28. What is s(x)?
10
Let s(l) = l**3 + 2 + 5*l**2 + 3*l - 3*l**3 - 3*l**2. Let p be ((-6)/4)/(-1)*(-40)/30. Determine s(p).
20
Suppose 210*f - 17 = 4*g + 209*f, -6 = -3*g - 3*f. Let o(m) = 14*m + 35. Calculate o(g).
-7
Suppose -3*a = -0*a + 12, -5*c = 2*a - 2. Let w(n) = -n - 9 + 4 + n**c + 7 - 2*n. Give w(2).
0
Let g(b) = b**3 + b**2 + 6*b + 4. Let j be g(0). Let q(r) = -17*r**3 - 393 + 397 + 5*r + j*r**2 + 16*r**3. Calculate q(5).
4
Let i(y) = -30*y + 558. Let c(s) = 5*s. Let d(h) = 4*c(h) - i(h). Give d(11).
-8
Let c(r) = 3*r**2 + r + 1. Suppose 0 = 10*t + 10*t - 80. Let w be (2*t/36)/((-2)/(-18)). Calculate c(w).
15
Let z(a) = -a**2 - 3*a + 15. Let i(s) = 79*s - 1507. Let l be i(19). Give z(l).
-3
Let u(p) = -2*p - p + 15 + 5*p. Let w be 14 - (-168)/(-11 - -4). Give u(w).
-5
Let f = -4 + -6. Su